{"id":108,"date":"2020-10-26T22:09:05","date_gmt":"2020-10-26T21:09:05","guid":{"rendered":"http:\/\/automotoecole-issurtille-stjulien.fr\/?page_id=108"},"modified":"2021-08-03T22:16:50","modified_gmt":"2021-08-03T20:16:50","slug":"parcours-de-formation-categorie-b","status":"publish","type":"page","link":"https:\/\/automotoecole-issurtille-stjulien.fr\/index.php\/parcours-de-formation-categorie-b\/","title":{"rendered":"Programme de formation cat\u00e9gorie B"},"content":{"rendered":"\n<p><strong>LES OBJECTIFS DE LA FORMATION<\/strong><\/p>\n\n\n\n<p>Acqu\u00e9rir les connaissances techniques, r\u00e9glementaires, et de s\u00e9curit\u00e9 routi\u00e8re permettant de se pr\u00e9senter avec succ\u00e8s \u00e0 l&rsquo;examen du permis de conduire de la cat\u00e9gorie B<\/p>\n\n\n\n<p><strong>PROGRAMME DE LA FORMATION<\/strong><\/p>\n\n\n\n<p>1)&nbsp; <strong>Une \u00e9valuation de d\u00e9part<\/strong> afin de d\u00e9terminer le nombre d\u2019heures moyen et le co\u00fbt de la formation.<\/p>\n\n\n\n<p>2) <strong>Une formation th\u00e9orique<\/strong> : pr\u00e9paration \u00e0 l\u2019\u00e9preuve th\u00e9orique g\u00e9n\u00e9rale (ETG) par des cours de code sur les th\u00e8mes de la signalisation, intersections et priorit\u00e9s, r\u00e8gles de circulation, autoroutes et routes \u00e0 acc\u00e8s r\u00e9glement\u00e9, tunnels routiers et autoroutiers, croisements \u2013 d\u00e9passements, arr\u00eats-stationnement visibilit\u00e9-\u00e9clairage, conduite pratique, \u00e9co-conduite et v\u00e9hicule, usagers vuln\u00e9rables\/partage de l\u2019espace public et prise de conscience des risques et sanction-formation.<\/p>\n\n\n\n<p>3) <strong>Une formation pratique<\/strong> :<\/p>\n\n\n\n<figure class=\"wp-block-image size-full\"><img loading=\"lazy\" decoding=\"async\" width=\"543\" height=\"453\" src=\"https:\/\/automotoecole-issurtille-stjulien.fr\/wp-content\/uploads\/2021\/08\/image-2.png\" alt=\"\" class=\"wp-image-168\" srcset=\"https:\/\/automotoecole-issurtille-stjulien.fr\/wp-content\/uploads\/2021\/08\/image-2.png 543w, https:\/\/automotoecole-issurtille-stjulien.fr\/wp-content\/uploads\/2021\/08\/image-2-300x250.png 300w\" sizes=\"auto, (max-width: 543px) 100vw, 543px\" \/><\/figure>\n\n\n\n<p><strong>PUBLIC VISE &amp; PREREQUIS<\/strong><\/p>\n\n\n\n<ul class=\"wp-block-list\"><li>Avoir 18 ans<\/li><li>Savoir lire et \u00e9crire la langue Fran\u00e7aise<\/li><li>Avoir satisfait \u00e9ventuellement \u00e0 une \u00e9valuation pr\u00e9alable<\/li><li>Nota&nbsp;: il faut passer l\u2019Epreuve Th\u00e9orique G\u00e9n\u00e9rale si le dernier permis obtenu date de plus de cinq ans.<\/li><\/ul>\n\n\n\n<p><strong>RESULTATS ATTENDUS<\/strong><\/p>\n\n\n\n<p>Avoir le niveau requis pour se pr\u00e9senter \u00e0 l\u2019examen avec succ\u00e8s<\/p>\n\n\n\n<p><strong>MOYENS TECHNIQUES ET PEDAGOGIQUES<\/strong><\/p>\n\n\n\n<ul class=\"wp-block-list\"><li><em>QUALIFICATION DES INTERVENANTS<\/em><\/li><\/ul>\n\n\n\n<p>Enseignant de la conduite et de la s\u00e9curit\u00e9 routi\u00e8re dipl\u00f4m\u00e9 et titulaire d\u2019une autorisation d\u2019enseigner en cours de validit\u00e9.<\/p>\n\n\n\n<ul class=\"wp-block-list\"><li><em>MOYENS PEDAGOGIQUES ET TECHNIQUES<\/em><\/li><\/ul>\n\n\n\n<ul class=\"wp-block-list\"><li>M\u00e9thodes actives adapt\u00e9es \u00e0 la formation des adultes.<ul><li>Alternance de th\u00e9orie et de pratique<\/li><\/ul><ul><li>Salles de cours \u00e9quip\u00e9es de moyens multim\u00e9dia.<\/li><\/ul><ul><li>V\u00e9hicules adapt\u00e9s \u00e0 l\u2019enseignement.<\/li><\/ul><ul><li>Fiche de suivi et livr<\/li><\/ul><ul><li>et d\u2019apprentissage.<\/li><\/ul><ul><li>Fourniture de supports p\u00e9dagogiques sp\u00e9cifiques<\/li><\/ul><\/li><\/ul>\n\n\n\n<ul class=\"wp-block-list\"><li><em>EVALUATION DE LA FORMATION &amp; CONDITIONS DE REUSSITE<\/em><\/li><\/ul>\n\n\n\n<ul class=\"wp-block-list\"><li>Feuilles de pr\u00e9sence \u00e9marg\u00e9es par les stagiaires pour les formations d\u2019inscrivant dans le cadre de la formation professionnelle<\/li><li>Un livret d\u2019apprentissage est utilis\u00e9 pour suivre l\u2019acquisition ou l\u2019am\u00e9lioration des comp\u00e9tences en formation<\/li><li>Un questionnaire est utilis\u00e9 pour mesurer la satisfaction globale des stagiaires sur l\u2019organisation, les qualit\u00e9s p\u00e9dagogiques du formateur, les m\u00e9thodes et supports utilis\u00e9s\u2026<\/li><\/ul>\n\n\n\n<p><em>Conditions de r\u00e9ussite&nbsp;: <\/em>satisfaire un examen blanc.<\/p>\n\n\n\n<ul class=\"wp-block-list\"><li><em>SANCTION DE LA FORMATION<\/em><\/li><\/ul>\n\n\n\n<p>Examen et validation par l\u2019Inspecteur du Permis de Conduire et de la S\u00e9curit\u00e9 Routi\u00e8re.<\/p>\n\n\n\n<p><strong>DUREE DE LA FORMATION ET MODALITES D\u2019ORGANISATION<\/strong><\/p>\n\n\n\n<p><em>20 heures de conduite minimum<\/em><\/p>\n\n\n\n<p><strong>INFORMATION HANDICAP<\/strong><\/p>\n\n\n\n<p>Chaque situation de handicap \u00e9tant unique, nous vous demandons de pr\u00e9ciser \u00e0 l\u2019inscription votre handicap. Nous pourrons ainsi confirmer l\u2019ensemble des possibilit\u00e9s d\u2019accueil et de mise en \u0153uvre de la formation. Pour toutes informations compl\u00e9mentaires, vous pouvez contacter https:\/\/www.automobile.ceremh.org\/<\/p>\n","protected":false},"excerpt":{"rendered":"<p>LES OBJECTIFS DE LA FORMATION Acqu\u00e9rir les connaissances techniques, r\u00e9glementaires, et de s\u00e9curit\u00e9 routi\u00e8re permettant de se pr\u00e9senter avec succ\u00e8s \u00e0 l&rsquo;examen du permis de conduire de la cat\u00e9gorie B PROGRAMME DE LA FORMATION 1)&nbsp; Une \u00e9valuation de d\u00e9part afin de d\u00e9terminer le nombre d\u2019heures moyen et le co\u00fbt de la formation. 2) Une formation&hellip; <br \/> <a class=\"read-more\" href=\"https:\/\/automotoecole-issurtille-stjulien.fr\/index.php\/parcours-de-formation-categorie-b\/\">Lire la suite<\/a><\/p>\n","protected":false},"author":1,"featured_media":0,"parent":0,"menu_order":0,"comment_status":"closed","ping_status":"closed","template":"","meta":{"footnotes":""},"class_list":["post-108","page","type-page","status-publish","hentry"],"_links":{"self":[{"href":"https:\/\/automotoecole-issurtille-stjulien.fr\/index.php\/wp-json\/wp\/v2\/pages\/108","targetHints":{"allow":["GET"]}}],"collection":[{"href":"https:\/\/automotoecole-issurtille-stjulien.fr\/index.php\/wp-json\/wp\/v2\/pages"}],"about":[{"href":"https:\/\/automotoecole-issurtille-stjulien.fr\/index.php\/wp-json\/wp\/v2\/types\/page"}],"author":[{"embeddable":true,"href":"https:\/\/automotoecole-issurtille-stjulien.fr\/index.php\/wp-json\/wp\/v2\/users\/1"}],"replies":[{"embeddable":true,"href":"https:\/\/automotoecole-issurtille-stjulien.fr\/index.php\/wp-json\/wp\/v2\/comments?post=108"}],"version-history":[{"count":4,"href":"https:\/\/automotoecole-issurtille-stjulien.fr\/index.php\/wp-json\/wp\/v2\/pages\/108\/revisions"}],"predecessor-version":[{"id":185,"href":"https:\/\/automotoecole-issurtille-stjulien.fr\/index.php\/wp-json\/wp\/v2\/pages\/108\/revisions\/185"}],"wp:attachment":[{"href":"https:\/\/automotoecole-issurtille-stjulien.fr\/index.php\/wp-json\/wp\/v2\/media?parent=108"}],"curies":[{"name":"wp","href":"https:\/\/api.w.org\/{rel}","templated":true}]}}