{"id":114,"date":"2020-10-26T22:21:56","date_gmt":"2020-10-26T21:21:56","guid":{"rendered":"http:\/\/automotoecole-issurtille-stjulien.fr\/?page_id=114"},"modified":"2022-03-29T13:16:04","modified_gmt":"2022-03-29T11:16:04","slug":"les-formations-be-et-b96-pour-le-chargement-des-vehicules","status":"publish","type":"page","link":"https:\/\/automotoecole-issurtille-stjulien.fr\/index.php\/les-formations-be-et-b96-pour-le-chargement-des-vehicules\/","title":{"rendered":"Les formations BE et B96 pour le chargement des v\u00e9hicules"},"content":{"rendered":"\n<h2 class=\"wp-block-heading\">Qu&rsquo;est-ce que le permis B96 et le permis BE ?<\/h2>\n\n\n\n<p>Les permis B96 et BE sont des permis permettant aux titulaires du permis de conduire de cat\u00e9gorie B de tracter des remorques et de d\u00e9passer la limite de PTAC (poids total autoris\u00e9 en charge) de 3,5t autoris\u00e9 par le permis B. Ces permis autorisent le conducteur \u00e0 tracter des remorques pour un PTAC allant jusqu&rsquo;\u00e0 4,25t (pour le permis B96) et au-del\u00e0 (pour le permis BE).<\/p>\n\n\n\n<h3 class=\"wp-block-heading\">La nouvelle l\u00e9gislation concernant les remorques<\/h3>\n\n\n\n<p>Une nouvelle r\u00e8glementation a \u00e9t\u00e9 mise en place le 19 janvier 2016. L&rsquo;ancien permis EB est divis\u00e9 en 2 cat\u00e9gories de permis et est remplac\u00e9 par le permis B96 pour un poids total inf\u00e9rieur \u00e0 4,25t et par le permis BE pour un poids total exc\u00e9dant 4,25t. Pour tracter des petites remorques l\u00e9g\u00e8res, le passage du permis BE n&rsquo;est donc pas n\u00e9cessaire, on peut se contenter du permis B96 voire simplement du permis B pour un poids total inf\u00e9rieur \u00e0 3,5t.<\/p>\n\n\n\n<h3 class=\"wp-block-heading\">Conditions requises pour passer ces permis<\/h3>\n\n\n\n<p>Pour passer le permis B96 et le permis BE, il faut avoir au minimum 18 ans et \u00eatre d\u00e9j\u00e0 titulaire du permis B. Le candidat doit \u00e9galement \u00eatre en r\u00e8gle en terme de devoir civique, pour les candidats de 18 ans \u00e0 25 ans, le certificat de JDC (anciennement JAPD) est requis. De plus, pour les candidats ayant des probl\u00e8mes de sant\u00e9, il est n\u00e9cessaire de fournir un certificat m\u00e9dical d&rsquo;aptitude d\u00e9livr\u00e9 par un m\u00e9decin agr\u00e9\u00e9 par la pr\u00e9fecture.<\/p>\n\n\n\n<h3 class=\"wp-block-heading\">Quel permis pour quelle cat\u00e9gorie de remorque ?<\/h3>\n\n\n\n<p>La l\u00e9gislation a chang\u00e9 en 2013, d\u00e9sormais, le passage du permis B96 est requis dans les cas o\u00f9 le poids du v\u00e9hicule attel\u00e9 est compris entre 750 kg et 3,5t et lorsque le poids total du v\u00e9hicule et de l&rsquo;attelage reste inf\u00e9rieur \u00e0 4,25t. Le permis BE est exig\u00e9 lorsque le v\u00e9hicule attel\u00e9 est compris entre 750 kg et 3,5t mais que le poids total du v\u00e9hicule et de l&rsquo;attelage exc\u00e8de 4,25t. Dans le cas o\u00f9 le poids total du v\u00e9hicule et de l&rsquo;attelage reste inf\u00e9rieur \u00e0 3,5t, le permis B suffit.<\/p>\n\n\n\n<p>Le permis B96 a \u00e9t\u00e9 introduit pour le grand public n&rsquo;ayant pas besoin de tracter des remorques lourdes et utilisant des remorques l\u00e9g\u00e8res ou semi-l\u00e9g\u00e8res pour des occasions particuli\u00e8res comme les d\u00e9parts en vacances.<\/p>\n\n\n\n<h2 class=\"wp-block-heading\">Le permis B96<\/h2>\n\n\n\n<h3 class=\"wp-block-heading\">L&rsquo;inscription au permis B96 et prix moyen<\/h3>\n\n\n\n<p>L&rsquo;inscription au permis B96 se fait dans une auto-\u00e9cole o\u00f9 dans un centre de formation agr\u00e9\u00e9 par la pr\u00e9fecture. <\/p>\n\n\n\n<h3 class=\"wp-block-heading\">Le d\u00e9roulement de la formation au permis B96<\/h3>\n\n\n\n<p>La formation au permis B96 consiste en 4h de conduite hors circulation et en 2h de conduite en circulation, ces heures de conduite ayant pour but de ma\u00eetriser la conduite d&rsquo;un v\u00e9hicule avec remorque. La pr\u00e9fecture adresse ensuite au candidat une attestation de suivi de la formation, ce dernier doit alors se rendre \u00e0 la pr\u00e9fecture de son d\u00e9partement pour faire ajouter la mention 96 sur son permis de conduire.<\/p>\n\n\n\n<h2 class=\"wp-block-heading\">Le permis BE<\/h2>\n\n\n\n<h3 class=\"wp-block-heading\">L&rsquo;inscription au permis BE <\/h3>\n\n\n\n<p>L&rsquo;inscription au permis BE peut se faire \u00e0 la pr\u00e9fecture du lieu de r\u00e9sidence (si le candidat passe ce permis en candidat libre) ou en auto-\u00e9cole. Les documents n\u00e9cessaires \u00e0 l&rsquo;inscription sont les suivants :<\/p>\n\n\n\n<ul class=\"wp-block-list\"><li>le formulaire Cerfa 14866*01 pr\u00e9alablement rempli et sign\u00e9<\/li><li>une photo d&rsquo;identit\u00e9<\/li><li>2 photos d&rsquo;identit\u00e9s<\/li><li>une copie du permis de conduire de cat\u00e9gorie B<\/li><li>un certificat m\u00e9dical d\u00e9livr\u00e9 par un m\u00e9decin agr\u00e9\u00e9 par l&rsquo;\u00c9tat (seulement si le candidat a des probl\u00e8mes de sant\u00e9 pouvant affecter la conduite<\/li><li>un certificat de JDC (anciennement JAPD) ou un justificatif de convocation ou d&rsquo;exemption, si le candidat a entre 18 ans et 25 ans<\/li><\/ul>\n\n\n\n<h3 class=\"wp-block-heading\">Le d\u00e9roulement de la formation au permis BE<\/h3>\n\n\n\n<p>La formation au permis BE comprend une phase th\u00e9orique et une phase pratique, la phase th\u00e9orique consiste en l&rsquo;examen du code de la route, que les candidats devront passer \u00e0 nouveau afin d&rsquo;acc\u00e9der \u00e0 la formation pratique. Toutefois, les candidats titulaires d&rsquo;un permis B depuis moins de 5 ans en sont exempt\u00e9s.<\/p>\n\n\n\n<p>La formation pratique au permis BE comprend diff\u00e9rentes phases :<\/p>\n\n\n\n<ol class=\"wp-block-list\"><li>Une \u00e9valuation initiale qui permet d&rsquo;estimer le niveau du candidat et d&rsquo;\u00e9valuer le co\u00fbt de la formation<\/li><li>Un apprentissage de la conduite du v\u00e9hicule et de la remorque, la ma\u00eetrise des manoeuvres fondamentale, l&rsquo;attelage ainsi que le d\u00e9telage du chargement. Le candidat aborde \u00e9galement diff\u00e9rents th\u00e8mes de la s\u00e9curit\u00e9 routi\u00e8re destin\u00e9s \u00e0 apprendre les bons gestes au jeune conducteur<\/li><\/ol>\n\n\n\n<h3 class=\"wp-block-heading\">Les \u00e9preuves du permis BE<\/h3>\n\n\n\n<p>Les \u00e9preuves pratiques du permis BE se r\u00e9partissent en deux phases et durent environ une heure au total. Elles se composent de 30 minutes de conduite hors circulation et de 30 minutes de conduite en circulation.<\/p>\n\n\n\n<p>Durant la phase de conduite hors circulation, les conducteurs sont \u00e9valu\u00e9s sur plusieurs points :<\/p>\n\n\n\n<ul class=\"wp-block-list\"><li>les v\u00e9rifications courantes de s\u00e9curit\u00e9<\/li><li>l&rsquo;attelage et le d\u00e9telage du chargement<\/li><li>des r\u00e9ponses \u00e0 quelques questions concernant les r\u00e8gles de s\u00e9curit\u00e9<\/li><li>la r\u00e9alisation d&rsquo;une manoeuvre en marche arri\u00e8re d\u00e9crivant une courbe<\/li><\/ul>\n\n\n\n<p>Cette phase est not\u00e9e sur 20 points et il faut au minimum 18 points et aucune note \u00e9liminatoire au conducteur pour r\u00e9ussir cette partie de l&rsquo;\u00e9preuve. Une fois cette phase r\u00e9ussie, il passe ensuite \u00e0 la seconde phase qui est la conduite en circulation.<\/p>\n\n\n\n<p>Durant la phase de conduite en circulation, le conducteur est \u00e9valu\u00e9 sur plusieurs points qui sont :<\/p>\n\n\n\n<ul class=\"wp-block-list\"><li>le respect des r\u00e8gles du code de la route<\/li><li>le respect des autres usagers de la route durant la conduite<\/li><li>la ma\u00eetrise de la conduite du v\u00e9hicule et de son chargement<\/li><li>l&rsquo;autonomie sur un itin\u00e9raire choisi<\/li><\/ul>\n\n\n\n<p>Cette \u00e9preuve est not\u00e9e sur 20 points et il faut au minimum 17 points et aucune note \u00e9liminatoire (comme le franchissement d&rsquo;une ligne continue ou le non respect d&rsquo;un stop par exemple) pour la r\u00e9ussir.<\/p>\n\n\n\n<h3 class=\"wp-block-heading\">La d\u00e9livrance du permis BE<\/h3>\n\n\n\n<p>Les r\u00e9sultats sont disponibles au bout de 48 heures sur internet (sur le site de la s\u00e9curit\u00e9 routi\u00e8re). Il suffit alors de t\u00e9l\u00e9charger le certificat d&rsquo;examen du permis de conduire sur ce site (CEPC), il est valide 4 mois, en attendant l&rsquo;ajout de la mention BE sur le permis de conduire. Il permet de conduire en tractant une remorque sur le territoire fran\u00e7ais. Lors d&rsquo;un contr\u00f4le, il faudra imp\u00e9rativement pr\u00e9senter ce document accompagn\u00e9 d&rsquo;un justificatif d&rsquo;identit\u00e9.<\/p>\n\n\n\n<p>Le permis BE, tout comme le permis B96, a une validit\u00e9 de 15 ans, il faudra donc le renouveler une fois cette p\u00e9riode pass\u00e9e. La demande de renouvellement peut se faire \u00e0 la pr\u00e9fecture, le candidat devra donc se soumettre \u00e0 un examen m\u00e9dical avant de pouvoir \u00e0 nouveau tracter une remorque.<\/p>\n\n\n\n<p><\/p>\n\n\n\n<figure class=\"wp-block-image\"><img decoding=\"async\" src=\"https:\/\/www.conduite2000.fr\/auto-ecole-img\/permis-BE\/permis-remorque-BE-caravanne.jpg\" alt=\"Afficher l\u2019image source\"\/><\/figure>\n","protected":false},"excerpt":{"rendered":"<p>Qu&rsquo;est-ce que le permis B96 et le permis BE ? Les permis B96 et BE sont des permis permettant aux titulaires du permis de conduire de cat\u00e9gorie B de tracter des remorques et de d\u00e9passer la limite de PTAC (poids total autoris\u00e9 en charge) de 3,5t autoris\u00e9 par le permis B. Ces permis autorisent le&hellip; <br \/> <a class=\"read-more\" href=\"https:\/\/automotoecole-issurtille-stjulien.fr\/index.php\/les-formations-be-et-b96-pour-le-chargement-des-vehicules\/\">Lire la suite<\/a><\/p>\n","protected":false},"author":1,"featured_media":0,"parent":0,"menu_order":0,"comment_status":"closed","ping_status":"closed","template":"","meta":{"footnotes":""},"class_list":["post-114","page","type-page","status-publish","hentry"],"_links":{"self":[{"href":"https:\/\/automotoecole-issurtille-stjulien.fr\/index.php\/wp-json\/wp\/v2\/pages\/114","targetHints":{"allow":["GET"]}}],"collection":[{"href":"https:\/\/automotoecole-issurtille-stjulien.fr\/index.php\/wp-json\/wp\/v2\/pages"}],"about":[{"href":"https:\/\/automotoecole-issurtille-stjulien.fr\/index.php\/wp-json\/wp\/v2\/types\/page"}],"author":[{"embeddable":true,"href":"https:\/\/automotoecole-issurtille-stjulien.fr\/index.php\/wp-json\/wp\/v2\/users\/1"}],"replies":[{"embeddable":true,"href":"https:\/\/automotoecole-issurtille-stjulien.fr\/index.php\/wp-json\/wp\/v2\/comments?post=114"}],"version-history":[{"count":2,"href":"https:\/\/automotoecole-issurtille-stjulien.fr\/index.php\/wp-json\/wp\/v2\/pages\/114\/revisions"}],"predecessor-version":[{"id":316,"href":"https:\/\/automotoecole-issurtille-stjulien.fr\/index.php\/wp-json\/wp\/v2\/pages\/114\/revisions\/316"}],"wp:attachment":[{"href":"https:\/\/automotoecole-issurtille-stjulien.fr\/index.php\/wp-json\/wp\/v2\/media?parent=114"}],"curies":[{"name":"wp","href":"https:\/\/api.w.org\/{rel}","templated":true}]}}