{"id":143,"date":"2021-07-31T18:29:38","date_gmt":"2021-07-31T16:29:38","guid":{"rendered":"https:\/\/automotoecole-issurtille-stjulien.fr\/?page_id=143"},"modified":"2022-03-29T12:33:37","modified_gmt":"2022-03-29T10:33:37","slug":"financement-de-votre-formation","status":"publish","type":"page","link":"https:\/\/automotoecole-issurtille-stjulien.fr\/index.php\/financement-de-votre-formation\/","title":{"rendered":"Financement de votre formation"},"content":{"rendered":"\n<p>1 &#8211; Depuis le 1er janvier 2019, les apprentis majeurs peuvent b\u00e9n\u00e9ficier d\u2019une aide d\u2019\u00c9tat de 500 euros pour financer leur permis de conduire. <\/p>\n\n\n\n<p>Tout savoir sur l\u2019aide au financement du permis de conduire B pour les apprentis :<\/p>\n\n\n\n<p><a href=\"https:\/\/travail-emploi.gouv.fr\/formation-professionnelle\/formation-en-alternance-10751\/apprentissage\/apprentis-aide-permis\" data-type=\"URL\" data-id=\"https:\/\/travail-emploi.gouv.fr\/formation-professionnelle\/formation-en-alternance-10751\/apprentissage\/apprentis-aide-permis\">https:\/\/travail-emploi.gouv.fr\/formation-professionnelle\/formation-en-alternance-10751\/apprentissage\/apprentis-aide-permis<\/a><\/p>\n\n\n\n<p><\/p>\n\n\n\n<p><\/p>\n\n\n\n<p>2 &#8211; Pensez \u00e0 utiliser votre compte personnel de formation (CPF) pour financer l\u2019examen du permis de conduire (code et le\u00e7ons de conduite).<\/p>\n\n\n\n<p>Pour en b\u00e9n\u00e9ficier, il faut \u00e0 la fois que :<\/p>\n\n\n\n<p class=\"has-text-align-left\">l\u2019obtention du permis contribue \u00e0 la r\u00e9alisation d\u2019un projet professionnel ou \u00e0 favoriser la s\u00e9curisation du parcours professionnel du titulaire du compte ;<\/p>\n\n\n\n<p>et que le titulaire du compte ne fasse pas l\u2019objet d\u2019une suspension de son permis ou d\u2019une interdiction de solliciter un permis (cette obligation est v\u00e9rifi\u00e9e par une attestation sur l\u2019honneur de l\u2019int\u00e9ress\u00e9).<\/p>\n\n\n\n<p>Pour \u00eatre prise en charge, cette pr\u00e9paration doit \u00eatre assur\u00e9e par un \u00e9tablissement agr\u00e9\u00e9 et d\u00e9clar\u00e9 en tant qu\u2019organisme de formation.<\/p>\n\n\n\n<p>\u00c0 noter : Ce dispositif peut se cumuler avec d\u2019autres, notamment pour les jeunes qui peuvent aussi s\u2019inscrire gr\u00e2ce au \u00ab permis \u00e0 un euro par jour \u00bb.<\/p>\n\n\n\n<p>Rendez-vous sur le site du Compte Personnel de Formation :<\/p>\n\n\n\n<p><a href=\"https:\/\/www.moncompteformation.gouv.fr\/\">https:\/\/www.moncompteformation.gouv.fr\/<\/a><\/p>\n\n\n\n<p><\/p>\n\n\n\n<p>           1. Ouvrez votre compte si cela n\u2019est pas d\u00e9j\u00e0 fait ;<\/p>\n\n\n\n<p>           2. Consultez les droits \u00e0 formation dont vous disposez d\u00e9j\u00e0 ;<\/p>\n\n\n\n<p>           3. Recherchez sur le site une auto-\u00e9cole d\u00e9clar\u00e9e pr\u00e8s de chez vous et une offre de formation<\/p>\n\n\n\n<p>           4. Utilisez vos droits \u00e0 formation pour payer directement vos cours de code et de conduite.<\/p>\n\n\n\n<p>Si vous avez effectu\u00e9 un service civique ou eu une autre forme d\u2019engagement citoyen (par exemple : jeune pompier volontaire, r\u00e9serviste, si vous avez dirig\u00e9 une association, etc.) vous pouvez pr\u00e9tendre \u00e0 des droits compl\u00e9mentaires.<\/p>\n\n\n\n<p>3 &#8211; Le \u00ab\u00a0permis \u00e0 un euro par jour\u00a0\u00bb : c\u2019est la possibilit\u00e9 d\u2019\u00e9taler, sans aucun frais suppl\u00e9mentaire, le paiement de la formation au permis de conduire. Ce dispositif permet aux jeunes de 15 \u00e0 25 ans, selon certaines conditions, de lisser le co\u00fbt de la formation \u00e0 la cat\u00e9gorie A et B du permis de conduire \u00e0 raison d\u2019un euro par jour. Il s\u2019agit d\u2019un pr\u00eat \u00e0 taux z\u00e9ro dont les int\u00e9r\u00eats sont pris en charge par l\u2019\u00c9tat. Pour tout savoir sur le \u00ab\u00a0permis \u00e0 un euro par jour\u00a0\u00bb.<\/p>\n\n\n\n<p>4 &#8211; P\u00f4le emploi peut \u2013 sous r\u00e9serve de remplir certaines conditions d\u2019inscription et de ressources \u2013 accompagner des demandeurs d\u2019emploi pour aider \u00e0 l\u2019obtention du permis de conduire avec une aide de 1 200 \u20ac maximum. Toutes les infos sur l\u2019aide \u00e0 l\u2019obtention du permis de conduire de P\u00f4le emploi. Sollicitez votre conseiller P\u00f4le emploi qui remplira un formulaire pr\u00e9alablement \u00e0 l\u2019inscription en auto-\u00e9cole.<\/p>\n\n\n\n<p>5 &#8211; Les missions locales vous informent sur les transports locaux et les tarifs jeunes dont vous pouvez b\u00e9n\u00e9ficier. Elles vous accompagnent aussi pour obtenir le permis B ou vous former \u00e0 la conduite accompagn\u00e9e, en obtenant des financements compl\u00e9mentaires. Contactez la mission locale proche de chez vous pour vous renseigner sur les aides \u00e0 la mobilit\u00e9.<\/p>\n\n\n\n<p>6 &#8211; Il est aussi possible de b\u00e9n\u00e9ficier d\u2019une prise en charge des frais li\u00e9s \u00e0 l\u2019obtention du permis notamment dans le cadre d\u2019aides r\u00e9gionales ou d\u00e9partementales. Renseignez-vous aupr\u00e8s du Conseil r\u00e9gional ou du Conseil d\u00e9partemental de votre territoire.<\/p>\n","protected":false},"excerpt":{"rendered":"<p>1 &#8211; Depuis le 1er janvier 2019, les apprentis majeurs peuvent b\u00e9n\u00e9ficier d\u2019une aide d\u2019\u00c9tat de 500 euros pour financer leur permis de conduire. Tout savoir sur l\u2019aide au financement du permis de conduire B pour les apprentis : https:\/\/travail-emploi.gouv.fr\/formation-professionnelle\/formation-en-alternance-10751\/apprentissage\/apprentis-aide-permis 2 &#8211; Pensez \u00e0 utiliser votre compte personnel de formation (CPF) pour financer l\u2019examen du&hellip; <br \/> <a class=\"read-more\" href=\"https:\/\/automotoecole-issurtille-stjulien.fr\/index.php\/financement-de-votre-formation\/\">Lire la suite<\/a><\/p>\n","protected":false},"author":1,"featured_media":0,"parent":0,"menu_order":0,"comment_status":"closed","ping_status":"closed","template":"","meta":{"footnotes":""},"class_list":["post-143","page","type-page","status-publish","hentry"],"_links":{"self":[{"href":"https:\/\/automotoecole-issurtille-stjulien.fr\/index.php\/wp-json\/wp\/v2\/pages\/143","targetHints":{"allow":["GET"]}}],"collection":[{"href":"https:\/\/automotoecole-issurtille-stjulien.fr\/index.php\/wp-json\/wp\/v2\/pages"}],"about":[{"href":"https:\/\/automotoecole-issurtille-stjulien.fr\/index.php\/wp-json\/wp\/v2\/types\/page"}],"author":[{"embeddable":true,"href":"https:\/\/automotoecole-issurtille-stjulien.fr\/index.php\/wp-json\/wp\/v2\/users\/1"}],"replies":[{"embeddable":true,"href":"https:\/\/automotoecole-issurtille-stjulien.fr\/index.php\/wp-json\/wp\/v2\/comments?post=143"}],"version-history":[{"count":3,"href":"https:\/\/automotoecole-issurtille-stjulien.fr\/index.php\/wp-json\/wp\/v2\/pages\/143\/revisions"}],"predecessor-version":[{"id":307,"href":"https:\/\/automotoecole-issurtille-stjulien.fr\/index.php\/wp-json\/wp\/v2\/pages\/143\/revisions\/307"}],"wp:attachment":[{"href":"https:\/\/automotoecole-issurtille-stjulien.fr\/index.php\/wp-json\/wp\/v2\/media?parent=143"}],"curies":[{"name":"wp","href":"https:\/\/api.w.org\/{rel}","templated":true}]}}