{"id":213,"date":"2022-03-28T09:08:55","date_gmt":"2022-03-28T07:08:55","guid":{"rendered":"http:\/\/automotoecole-issurtille-stjulien.fr\/?page_id=213"},"modified":"2025-06-26T23:12:00","modified_gmt":"2025-06-26T21:12:00","slug":"veille-reglementaire","status":"publish","type":"page","link":"https:\/\/automotoecole-issurtille-stjulien.fr\/index.php\/veille-reglementaire\/","title":{"rendered":""},"content":{"rendered":"\n<h2 class=\"wp-block-heading\">Veille sur les \u00e9volutions r\u00e9glementaires li\u00e9es au code de la route<\/h2>\n\n\n\n<p><br>\uf0b7 Abonnement \u00c9ditions la Baule<br>\uf0b7 Magazine : Tribune des autos \u00e9coles<br>\uf0b7 Newsletter : codes rousseau exemple<br>\uf0b7 Site : Legifrance<\/p>\n\n\n\n<h2 class=\"wp-block-heading\">Veille sur les \u00e9volutions des comp\u00e9tences, des m\u00e9tiers dans le secteur<\/h2>\n\n\n\n<p><br>\uf0b7 Magazine Tribune des autos \u00e9coles<br>\uf0b7 Newsletter Legifrance, Codes Rousseau, Mobilians ,<br>\uf0b7 Site : Legifrance<br>\uf0b7 V\u00e9rifications des moyens par des r\u00e9unions Mensuelles<br><\/p>\n\n\n\n<h2 class=\"wp-block-heading\">Veille sur les \u00e9volutions p\u00e9dagogiques et technologiques applicables dans le champ des \u00e9coles de<br>conduite et des associations<\/h2>\n\n\n\n<p><br>\uf0b7 Magazine Tribune des autos \u00e9coles, catalogue des fournisseurs<br>\uf0b7 Newsletter Legifrance, Codes Rousseau, Mobilians ,<br>\uf0b7 Site : Legifrance<br>Mise \u00e0 disposition du personnel<\/p>\n\n\n\n<p>Sources : <\/p>\n\n\n\n<p>L\u00e9gifrance  :     <a href=\"https:\/\/www.legifrance.gouv.fr\" data-type=\"URL\" data-id=\"https:\/\/www.legifrance.gouv.fr\">https:\/\/www.legifrance.gouv.fr<\/a><\/p>\n\n\n\n<p>S\u00e9curit\u00e9 routi\u00e8re : <a href=\"https:\/\/www.securite-routiere.gouv.fr\/\" data-type=\"URL\" data-id=\"https:\/\/www.securite-routiere.gouv.fr\/\">https:\/\/www.securite-routiere.gouv.fr\/<\/a><\/p>\n","protected":false},"excerpt":{"rendered":"<p>Veille sur les \u00e9volutions r\u00e9glementaires li\u00e9es au code de la route \uf0b7 Abonnement \u00c9ditions la Baule\uf0b7 Magazine : Tribune des autos \u00e9coles\uf0b7 Newsletter : codes rousseau exemple\uf0b7 Site : Legifrance Veille sur les \u00e9volutions des comp\u00e9tences, des m\u00e9tiers dans le secteur \uf0b7 Magazine Tribune des autos \u00e9coles\uf0b7 Newsletter Legifrance, Codes Rousseau, Mobilians ,\uf0b7 Site :&hellip; <br \/> <a class=\"read-more\" href=\"https:\/\/automotoecole-issurtille-stjulien.fr\/index.php\/veille-reglementaire\/\">Lire la suite<\/a><\/p>\n","protected":false},"author":1,"featured_media":0,"parent":0,"menu_order":0,"comment_status":"closed","ping_status":"closed","template":"","meta":{"footnotes":""},"class_list":["post-213","page","type-page","status-publish","hentry"],"_links":{"self":[{"href":"https:\/\/automotoecole-issurtille-stjulien.fr\/index.php\/wp-json\/wp\/v2\/pages\/213","targetHints":{"allow":["GET"]}}],"collection":[{"href":"https:\/\/automotoecole-issurtille-stjulien.fr\/index.php\/wp-json\/wp\/v2\/pages"}],"about":[{"href":"https:\/\/automotoecole-issurtille-stjulien.fr\/index.php\/wp-json\/wp\/v2\/types\/page"}],"author":[{"embeddable":true,"href":"https:\/\/automotoecole-issurtille-stjulien.fr\/index.php\/wp-json\/wp\/v2\/users\/1"}],"replies":[{"embeddable":true,"href":"https:\/\/automotoecole-issurtille-stjulien.fr\/index.php\/wp-json\/wp\/v2\/comments?post=213"}],"version-history":[{"count":7,"href":"https:\/\/automotoecole-issurtille-stjulien.fr\/index.php\/wp-json\/wp\/v2\/pages\/213\/revisions"}],"predecessor-version":[{"id":398,"href":"https:\/\/automotoecole-issurtille-stjulien.fr\/index.php\/wp-json\/wp\/v2\/pages\/213\/revisions\/398"}],"wp:attachment":[{"href":"https:\/\/automotoecole-issurtille-stjulien.fr\/index.php\/wp-json\/wp\/v2\/media?parent=213"}],"curies":[{"name":"wp","href":"https:\/\/api.w.org\/{rel}","templated":true}]}}